21648. What is k(-30)?
3498
Let s(u) = -6*u**3 + 52*u**2 - 291*u + 563. What is s(3)?
-4
Let y(c) = -3*c**3 + 29*c**2 - 10*c + 104. Give y(10).
-96
Let v(q) = 57*q**2 + 158*q + 100. What is v(-1)?
-1
Let j(p) = 5*p**2 - 619*p - 2546. Determine j(-4).
10
Let d(w) = -18448*w - 50793. Determine d(-3).
4551
Let b(w) = -5422*w + 498848. Determine b(92).
24
Let m(l) = -2*l**2 - 9338*l + 112010. What is m(12)?
-334
Let v(g) = 334*g + 11278. Give v(-36).
-746
Let u(t) = 2*t**2 - 235*t + 3697. Give u(17).
280
Let l(d) = 27*d**3 - 15418*d**2 + 537*d + 19423. Determine l(571).
9
Let u(f) = 1479*f - 94662. Calculate u(64).
-6
Let b(t) = t**3 + 81*t**2 + 5*t + 157. Give b(-81).
-248
Let n(r) = 26*r**2 + 16300*r - 17623. Calculate n(-628).
-39
Let k(x) = x**2 - 559*x + 17258. Calculate k(34).
-592
Let q(x) = -125558*x + 125557. Calculate q(1).
-1
Let w(u) = -4*u - 488. Give w(32).
-616
Let u(z) = -34*z**3 - 721*z**2 - 146*z + 92. Determine u(-21).
71
Let z(v) = 2963*v - 551214. Give z(186).
-96
Let l(v) = 1172*v - 45608. Determine l(39).
100
Let c(r) = -r**3 + 3*r**2 + 991*r - 2. Calculate c(33).
31
Let v(o) = -10*o**2 - 1873*o - 742. Determine v(-188).
-2058
Let z(s) = -94982*s - 16051957. Determine z(-169).
1
Let d(j) = 198684*j + 1788158. Determine d(-9).
2
Let o(c) = 505*c - 25371. Calculate o(50).
-121
Let c(a) = 1675*a**2 - 13412*a + 13. What is c(8)?
-83
Let r(t) = 79*t - 10167. Determine r(125).
-292
Let x(d) = -8253*d**2 + 90775*d + 23. Calculate x(11).
-65
Let o(j) = -1757*j + 82577. Give o(47).
-2
Let n(k) = -29*k**2 - 371*k + 9735. Give n(13).
11
Let b(k) = -6*k**2 + 110*k + 385. Give b(22).
-99
Let a(q) = 570983*q + 3425883. Determine a(-6).
-15
Let f(w) = -1249*w + 112085. What is f(90)?
-325
Let p(l) = l**3 - 532*l**2 - 1874*l - 144672. Determine p(536).
48
Let p(a) = -852818*a + 4264092. Determine p(5).
2
Let z(c) = c**3 - 77*c**2 - 115*c + 4401. Give z(78).
1515
Let y(b) = -b**3 - 262*b**2 + 3934*b + 1094887. What is y(-261)?
-8
Let b(q) = -8*q**3 + 57*q**2 - 312*q + 1554. What is b(6)?
6
Let u(q) = 2*q**3 + 88*q**2 + 528*q + 2613. Give u(-38).
-123
Let w(n) = -n**2 - 24*n + 370. Determine w(29).
-1167
Let x(d) = -12321*d - 86084. What is x(-7)?
163
Let d(c) = -239519*c + 8862201. What is d(37)?
-2
Let q(t) = -t**3 + 492*t**2 - 40631*t - 425. Determine q(105).
-5
Let o(n) = 32*n - 552. What is o(16)?
-40
Let n(w) = -7*w**2 + 1168*w + 35256. Calculate n(193).
-63
Let b(r) = r**3 + 59*r**2 + 270*r + 9288. Determine b(-57).
396
Let n(m) = 5195*m - 83110. Determine n(16).
10
Let g(t) = 2*t**2 - 621*t - 382847. Give g(-309).
4
Let l(x) = x**3 - 242*x**2 - 3321*x + 1578. Give l(255).
48
Let s(l) = -89*l**2 + 2879*l + 1912. Calculate s(33).
-2
Let q(t) = -24231*t + 72888. Give q(3).
195
Let f(l) = 3642*l - 1045263. Calculate f(287).
-9
Let t(n) = 300*n**2 + 556*n + 328. Calculate t(-1).
72
Let w(m) = 26270*m + 341533. Give w(-13).
23
Let u(a) = 183*a**2 - 1519*a - 20. What is u(8)?
-460
Let n(h) = h**2 - 538*h - 1092. Determine n(-2).
-12
Let m(r) = -2*r**3 - 761*r**2 - 394*r - 5453. Give m(-380).
-133
Let s(g) = -70*g**2 + 67*g + 52. Give s(7).
-2909
Let t(o) = -2*o**2 + 181*o - 3. Calculate t(91).
-94
Let g(q) = -715186*q - 15018908. Calculate g(-21).
-2
Let n(a) = 17*a**3 - 4*a**2 + 178*a + 591. Give n(-3).
-438
Let g(o) = 3*o**2 + 1842*o + 16685. Give g(-9).
350
Let w(n) = -58*n**3 + 19*n**2 + 14*n - 11. Calculate w(2).
-371
Let t(u) = 2*u**3 - 41*u**2 + 76*u + 9. What is t(19)?
370
Let r(i) = -12256716*i + 36770148. Calculate r(3).
0
Let r(v) = -10*v**3 - 461*v**2 - 493*v - 92. Calculate r(-45).
-182
Let f(c) = -2*c**2 - 49276*c - 541787. Give f(-11).
7
Let k(t) = 3*t**3 + 9867*t**2 - 19757*t - 36198. Calculate k(-3291).
3
Let b(h) = -433*h**3 - 7*h**2 + 42*h + 90. Determine b(-2).
3442
Let m(j) = -j**3 - 36593*j**2 + 183001*j - 51. What is m(5)?
4
Let t(o) = -30*o**2 + 6894*o + 1390. Calculate t(230).
10
Let z(m) = -1918*m + 5733. Give z(3).
-21
Let p(v) = 2*v**3 - 1305*v**2 - 656*v + 1956. Calculate p(653).
-3
Let l(w) = -w**3 - 115*w**2 - 472*w - 2876. Calculate l(-111).
232
Let f(l) = 18420*l - 4199749. Give f(228).
11
Let j(y) = 3*y**3 + 156*y**2 - 3779*y - 37. Calculate j(18).
-19
Let j(q) = -7094*q - 631403. Calculate j(-89).
-37
Let k(r) = 5*r**3 - 251*r**2 + 2319*r - 18. Calculate k(38).
20
Let p(x) = 6568*x - 121. Give p(0).
-121
Let g(n) = -3*n**2 + 112*n - 373. What is g(35)?
-128
Let u(r) = -2*r**2 + 2294*r + 13839. Calculate u(-6).
3
Let u(p) = -26*p**2 + 664*p - 137. Calculate u(23).
1381
Let b(q) = -2*q**3 - 12*q**2 - 173*q - 1851. Give b(-9).
192
Let z(g) = -24*g**2 + 8*g + 78. Calculate z(5).
-482
Let a(p) = -p**2 - 129*p + 1179. Calculate a(-138).
-63
Let x(b) = -b**3 - 39*b**2 + 7*b - 2686. Calculate x(-41).
389
Let p(c) = 1548*c - 212166. Determine p(137).
-90
Let d(w) = 2890*w + 25719. What is d(-9)?
-291
Let x(b) = -b**2 + 20490*b + 2121070. Calculate x(-103).
-9
Let r(s) = s**2 - 2486*s - 29973. Determine r(-12).
3
Let k(y) = -y**3 + y**2 - 2*y + 166. What is k(9)?
-500
Let o(c) = 526*c + 19670. Determine o(-44).
-3474
Let f(m) = -m**3 + 90*m**2 - 242*m - 1634. What is f(87)?
19
Let w(l) = 108*l**2 - 87485*l + 4043. Give w(810).
-7
Let n(z) = 3*z**3 + 44*z**2 - 619*z - 8559. What is n(-17)?
-59
Let k(h) = h**3 + 180*h**2 - 454*h - 16401. Give k(-182).
-21
Let y(o) = -335*o + 2023. Calculate y(6).
13
Let i(j) = 5928*j - 33408. Calculate i(6).
2160
Let v(c) = -162*c**3 + 8748*c**2 + 34*c - 1858. What is v(54)?
-22
Let z(a) = -a**2 - 47378*a - 284244. Determine z(-6).
-12
Let h(o) = -2917*o + 23314. Determine h(8).
-22
Let k(o) = 10401*o + 93588. Give k(-9).
-21
Let q(n) = -63*n - 2585. What is q(-29)?
-758
Let k(j) = 260*j**2 - 3407*j - 25. Determine k(13).
-376
Let n(j) = -226*j - 57769. Calculate n(-258).
539
Let b(y) = -46*y**3 - 146*y**2 - 54*y + 3. What is b(-3)?
93
Let f(h) = -36*h**3 + 2787*h**2 - 2785*h - 2. Give f(1).
-36
Let k(p) = -p**2 + 1146*p - 155986. Determine k(157).
-713
Let j(n) = 1748*n + 171168. Determine j(-98).
-136
Let y(b) = -28*b**3 - 61*b**2 - 270*b - 305. What is y(-2)?
215
Let k(l) = -111*l - 10014. What is k(-90)?
-24
Let n(s) = 2553*s - 18647. Calculate n(7).
-776
Let a(v) = -v**2 - 180*v + 643231. Determine a(-897).
82
Let d(l) = 76*l - 9383. Give d(130).
497
Let m(z) = -6*z**2 - 970*z - 5176. What is m(-156)?
128
Let z(k) = 8180*k - 1341561. What is z(164)?
-41
Let c(h) = 2*h**3 - 349*h**2 + 4285*h - 847088. Calculate c(176).
0
Let b(t) = 18*t**3 + 11*t**2 + 4169*t + 12515. Determine b(-3).
-379
Let g(d) = d**3 + 238*d**2 - 251*d - 115648. Calculate g(-237).
8
Let p(y) = 6147*y - 510494. What is p(83)?
-293
Let u(v) = -v**2 - 2401*v - 30932. Give u(-13).
112
Let k(v) = 3426*v**2 + 493342*v - 188. What is k(-144)?
100
Let g(z) = -z**3 + 30*z**2 - 15*z + 46. What is g(30)?
-404
Let r(g) = -19*g**3 - 317*g**2 - 399*g - 3049. Give r(-16).
7
Let d(h) = -33*h + 2229. Give d(71).
-114
Let q(g) = -2972*g - 18124. What is q(-6)?
-292
Let n(m) = -3*m**3 + 161*m**2 - 1278*m + 73. What is n(44)?
-15
Let d(y) = 6*y**3 - 193*y**2 - 812*y - 586. What is d(36)?
-10
Let j(a) = 35*a**3 + 1051*a**2 + 52*a + 697. Determine j(-30).
37
Let n(q) = -2235*q**2 - 13428*q - 108. Calculate n(-6).
0
Let q(s) = -308731*s - 1543702. Calculate q(-5).
-47
Let j(f) = f**3 + 10*f**2 + 330*f - 2162. What is j(6)?
394
Let g(d) = 12*d**2 + 114*d + 351. Give g(-3).
117
Let q(n) = -5*n**3 + 54*n**2 - 138*n - 5. Determine q(3).
-68
Let p(u) = 2*u**3 - 726*u**2 + 664*u + 21718. Calculate p(362).
-2
Let f(i) = 6727*i**2 + 6708*i - 7. Calculate f(-1).
12
Let v(d) = d**3 - 3*d**2 - 30124*d + 4207. What is v(175)?
7
Let l(m) = -2*m**2 + 768*m - 8907. Give l(12).
21
Let c(x) = 3966*x - 95189. What is c(24)?
-5
Let w(o) = -3489*o - 146539. What is w(-42)?
-1
Let r(f) = 543*f**2 + 2719*f + 35. Calculate r(-5).
15
Let s(f) = 6062*f - 545573. What is s(90)?
7
Let g(k) = k**3 - 31*k**2 + 7*k - 312. Give g(31).
-95
Let v(z) = 5*z**3 + 22*z**2 + 17*z - 27. What is v(-6)?
-417
Let x(v) = -48*v**2 - 121*v - 786. What is x(-6)?
-1788
Let t(g) = 928*g - 77907. Determine t(84).
45
Let x(t) = t**3 + 144*t**2 - 8263*t + 1656. Give x(-188).
-36
Let p(u) = 3*u**3 - 174*u**2 + 2510*u - 7899. Give p(16).
5
Let g(w) = -w**3 - 34*w**2 + 1976*w + 493